c = 29 + -11. Let n = -22 + 67. Calculate the greatest common divisor of c and n.
9
Suppose 148 - 798 = -10*q. What is the greatest common divisor of q and 26?
13
Suppose 2*h - 3*h + 10 = 0. Suppose -w = -4 - 0. Suppose d = -2*o + w - 10, -2*o + 2 = 5*d. Calculate the greatest common factor of h and d.
2
Let j be 0 + 23 + 5 + -1. Calculate the greatest common divisor of 9 and j.
9
Let z = -5 + 15. Let a be 12 + 2/(-3)*3. Calculate the highest common factor of z and a.
10
Suppose 0 = 5*n + 20, -3*y - 4*n = -0*n + 4. Calculate the highest common factor of 1 and y.
1
Let u = -4 - -3. Let o = -5 - u. Let h be (o/(-6))/((-2)/(-39)). Calculate the greatest common factor of 91 and h.
13
Suppose -l - 27 = 2*l. Let f = l + 16. What is the greatest common divisor of 63 and f?
7
Let c(w) = -15*w - 32. Let h be c(-19). Calculate the highest common factor of 23 and h.
23
Let m = -71 - -116. Let n(v) = v**3 - 6*v**2 + 8*v - 5. Let f be n(5). Suppose z + z = f. Calculate the highest common factor of m and z.
5
Let h = -1 + 8. What is the greatest common divisor of h and 56?
7
Suppose 3*q = y - 21 - 16, 2*q = -y + 17. Calculate the greatest common factor of 275 and y.
25
Suppose 7*p - 2*p = m - 90, 4*p + 78 = 2*m. Let h = p + 37. Suppose -3*i + i + 4 = 0. What is the highest common divisor of i and h?
2
Suppose -4*h + 5*y + 11 = -21, 2*y - 4 = -4*h. Calculate the highest common factor of h and 1.
1
Suppose f - 12 = 13. Let u = 14 - f. Let g = u - -37. What is the greatest common divisor of 39 and g?
13
Suppose -7 = -v - 4*f, -v = -f + 2*f - 4. Suppose 33 = 4*j - j - r, 3*r - 69 = -5*j. What is the greatest common factor of v and j?
3
Suppose -50 = -2*x + 30. Let q = x + 12. Let m = 93 + -80. What is the greatest common factor of q and m?
13
Suppose -2*q + 1130 = -3*x - 0*q, 5*q = 20. Let k = 664 + x. Suppose 3*v - 5*v + 194 = -3*u, -5*u - k = -3*v. Calculate the greatest common divisor of v and 40.
20
Let m(t) = -t**3 - 9*t**2 - 9*t - 3. Let w = -16 - -8. Let n be m(w). Let h be (-3)/3 - 12/(-4). What is the greatest common divisor of h and n?
1
Let c = 64 + -49. Calculate the highest common divisor of c and 6.
3
Let q(o) = -o**3 + 6*o**2 + 2*o + 1. Let d be q(6). Let u be (-1)/(0/(-2) + 1). Let y be 148 - (u - -3) - 3. Calculate the highest common factor of d and y.
13
Let r be ((-1)/1)/(2/(-2)). Calculate the highest common factor of r and 2.
1
Let c be 10/65 + (-2986)/(-26). Let w be 163/7 - (-2)/(-7). What is the greatest common factor of w and c?
23
Let k(d) = 7*d - 3. Let w be k(3). Suppose w - 3 = c. What is the greatest common divisor of c and 15?
15
Let f(q) = -q**3 - 3*q**2 + 7*q + 8. Suppose w + 7 + 3 = 2*j, 0 = -5*w + j - 32. Let m be f(w). Let h = m + -44. What is the greatest common divisor of h and 6?
6
Let w = 25 + -7. Suppose 10 = 2*m - 86. Suppose 4*d - m = -0*d. Calculate the highest common divisor of d and w.
6
Suppose -13*j + 1901 = 497. What is the highest common divisor of 27 and j?
27
Suppose 2*x = 5*m + 15, 0 = 2*x + 2*x + 2*m - 18. Suppose -x*q + 76 = -14. Calculate the greatest common factor of q and 12.
6
Suppose 0*s - 20 = -4*s. Let q be (-52)/(-6)*(-252)/24. Let a = -36 - q. Calculate the highest common factor of a and s.
5
Suppose 3*b + 2*n - 50 = 0, -5*b + 5*n - 4*n = -79. What is the highest common divisor of 4 and b?
4
Let h(b) = -10*b + 10. Let i be h(-11). Calculate the greatest common divisor of 24 and i.
24
Let a be (-1)/((-244)/60 - -4). What is the highest common divisor of a and 15?
15
Suppose 0 = 2*u - 18 - 4. Suppose 0 = -c + u + 3. Calculate the greatest common factor of 35 and c.
7
Let l be (5 - 0)*126/15. What is the greatest common divisor of 21 and l?
21
Suppose 0 = -2*q - 4*q + 48. Calculate the highest common divisor of q and 2.
2
Suppose 3*n = -3*n + 72. Suppose 60 = 6*d - n. What is the greatest common factor of 2 and d?
2
Suppose 0 = -2*m + 46 + 134. Suppose -m + 0 = -5*x. What is the highest common divisor of 27 and x?
9
Let g(c) = c**3 + 3*c**2 + c. Let x be g(-2). Let p(a) = -3*a + a**2 + 3*a**2 - a**x. Let q be p(-4). What is the highest common factor of q and 20?
20
Let i be (-50)/(-8) - (-12)/16. Suppose 11*h - i*h - 20 = 0. What is the highest common divisor of 20 and h?
5
Suppose 3*w - 14 = -v, 2*v - 4*w - 5 = 3. What is the highest common divisor of 16 and v?
8
Let a = 27 + -19. Calculate the greatest common divisor of a and 4.
4
Suppose 0 = -2*o + 7 + 3. Calculate the greatest common factor of o and 40.
5
Let t(x) = -x - 1. Let r be t(-3). Let n be (2 - r) + (1 - -1). Let a be n*3/(-3) + 29. Calculate the greatest common factor of a and 3.
3
Let v be 2/3*(-189)/(-18). What is the greatest common divisor of v and 1?
1
Suppose n + 2*n = 48. Let a(g) = -g**2 - 6*g - 6. Suppose 4*j + 12 = j. Let k be a(j). Calculate the greatest common factor of n and k.
2
Suppose 3*u - 5*h - 293 = 0, -398 - 37 = -5*u - 5*h. Suppose 2*j - 9*j + 91 = 0. What is the highest common divisor of u and j?
13
Suppose -3*s - 17 - 19 = -4*d, 4*s = 4*d - 36. Let x = 17 - d. Calculate the highest common divisor of 2 and x.
2
Suppose 3*s - 3*u = 21, 26 - 1 = 4*s - 3*u. Let j = s + 2. Calculate the highest common divisor of j and 4.
2
Let a = -5 - -18. Let n = 117 + 26. What is the greatest common divisor of a and n?
13
Suppose -27 = -2*f + 3*q, q + 13 = f - q. Let x = -13 + f. Let g(p) = 2*p**2 + 5*p - 4. Let k be g(-4). What is the highest common divisor of x and k?
2
Let f(q) = 2*q**2 - 1. Let t be f(-2). Suppose 4*k - 28 = 5*n, 0 = k + 4*n - 9 + 2. What is the highest common factor of k and t?
7
Suppose 0*h + 41 = 3*h + 4*l, 0 = h + 5*l - 10. Let p be (-6)/12 - (-482)/4. What is the greatest common divisor of p and h?
15
Let b(m) = m**2 + 12*m + 29. Let w be b(-3). Let q be 76/18 - (-4)/(-18). What is the greatest common divisor of w and q?
2
Let n = 14 + -6. Suppose n*m = 3*m + 180. Let j be (-60)/2*8/(-10). Calculate the highest common factor of j and m.
12
Let m(p) = -83*p - 1. Let j be m(-2). Let k(d) = -15*d. Suppose f + 0*f + 1 = 0. Let u be k(f). What is the greatest common divisor of u and j?
15
Suppose 0 = -c - 2*v + 82 - 20, -5*v = c - 62. Let d = c - 26. What is the highest common factor of 9 and d?
9
Suppose 4*w + 0 = -4. Let p = w + 31. What is the highest common divisor of 6 and p?
6
Let w(c) = 6*c - 8. Let i be w(3). What is the highest common divisor of 40 and i?
10
Let u be ((-1)/2)/(1/(-8)). Suppose 3*b = u*a + 294, b + 5*a + 392 = 5*b. Calculate the greatest common divisor of b and 14.
14
Let d be 10 + (-8)/(48/(-18)). Calculate the greatest common factor of d and 221.
13
Let i(n) = 8*n**2 + 7*n - 4. Let m be i(5). Let g = -8 - -29. What is the highest common divisor of g and m?
21
Let r = 74 - 59. What is the highest common divisor of 15 and r?
15
Suppose -4*v - 4*l = 8, 4*v - v - 5*l - 34 = 0. Let w be 88/v - 2/(-3). Suppose 3*s - w = 12. Calculate the greatest common factor of s and 7.
7
Suppose 22 = r - 2. Suppose 4*g - g - 36 = 0. Calculate the highest common factor of r and g.
12
Let s be 0 + 1 + -4 + 6. Suppose 0 = s*m + m. Let y be (2 + m)/4*14. Calculate the highest common factor of y and 14.
7
Suppose 0 = 2*h + j - 157, -j + 3 = -h + 77. Suppose -2*f + 76 = -0*d - d, 0 = 3*d - 12. Let o = f + h. Calculate the highest common factor of 13 and o.
13
Suppose -2*i + 5*k - 10 = 0, -i = -4*i + 3*k + 3. Let n be -14*(1 + 9/(-6)). Let b = n - i. What is the highest common divisor of b and 6?
2
Suppose -5*l - d + 30 = -4*l, 3*d = 5*l - 158. What is the highest common factor of 341 and l?
31
Let z = -105 - -117. What is the greatest common divisor of z and 30?
6
Suppose 4*f + 8*r - 61 = 3*r, -2*f - 5*r = -23. Let m = f + -10. What is the highest common divisor of m and 18?
9
Let g = 20 - 22. Let l be ((-112)/(-21))/(g/(-3)). Calculate the greatest common factor of 64 and l.
8
Let y be (32 - -1)*(-1 - -2). Let m = 54 - y. Let r = 16 - 9. Calculate the highest common factor of r and m.
7
Suppose 7*y = 2*y + 135. Calculate the greatest common factor of 189 and y.
27
Suppose -5*x + 69 + 31 = 0. Let z(c) = -c**3 + c**2 - 2. Let t be -1 + 1 + (-6)/3. Let g be z(t). What is the greatest common factor of x and g?
10
Let z = 49 - -38. Suppose 2 = -3*w + 14. Suppose -5*i + 3*c + z = 0, w*i - 2*c = -c + 64. Calculat